= 3*n**2 - 18*n - 421. Let d be u(32). Calculate the highest common divisor of d and 25.
25
Suppose 4*i - 3325 = 3*u - 15315, 4*u - 15935 = -5*i. What is the highest common divisor of u and 35?
35
Let o be -363*(0 + 1)/(-3). Suppose h - 3*w + 4 = 30, 5*h - 2*w - 65 = 0. Calculate the highest common factor of h and o.
11
Suppose 3*s - 4*s - 156 = -2*x, 2*s - 5*x + 307 = 0. Let b = -55 - s. Calculate the highest common factor of b and 37.
37
Let u be (-36)/(-5)*10/3. Let d = -49 + 53. Suppose -d*w = -2*w - 120. What is the greatest common factor of w and u?
12
Let c = -238 - -922. What is the greatest common factor of 6 and c?
6
Let q be (-36)/24*2*1. Let v be ((-8)/24)/(q/288). Calculate the highest common divisor of v and 288.
32
Suppose 4*t = 16, 0*i + 5*i + 4*t - 21 = 0. Let g be 2 - -19 - i - 3. Calculate the highest common divisor of g and 34.
17
Let m = -943 + 945. Suppose 0 = -2*z + 4*z - 16. What is the highest common factor of z and m?
2
Let a = -610 + 619. What is the greatest common factor of 171 and a?
9
Let f(r) = r**3 + 5*r**2 + 3*r + 3. Let l be f(-3). Let g = 25 + -24. Let z be 2*(g + -1 - -6). What is the greatest common divisor of z and l?
12
Let q = 52 - 31. Suppose 36 = 12*w - 48. What is the greatest common factor of q and w?
7
Let t = -31 + 44. Suppose 0 = -d + 6*d - c + 5, -4*c = -3*d - 20. Suppose -2*r + 35 + t = d. Calculate the greatest common divisor of 36 and r.
12
Suppose 0 = 4*k + 20, -p - k + 52 = 17. What is the highest common factor of 104 and p?
8
Suppose -n + 0*f = 2*f - 62, -370 = -5*n + 5*f. Let b be 136/14 - 6/(-21). Calculate the highest common factor of n and b.
10
Let w(r) = -r**3 + 10*r**2 - 4*r - 6. Let c be (-32)/6*3/(-2). Let h be w(c). Calculate the highest common divisor of h and 135.
45
Let j = -8 + 16. Let c be (78/364*-4)/(6/(-14)). Calculate the greatest common factor of c and j.
2
Suppose 2*n - 74 = -g, -5*n + 3*g + g + 159 = 0. Let r = n + 8. What is the highest common factor of r and 129?
43
Let q(h) = -h**2 + 14*h - 19. Suppose 18 = 6*x - 4*x + 2*d, -3*x + 4*d + 41 = 0. Let b be q(x). Calculate the highest common divisor of b and 14.
14
Suppose 2*x - 4*r - 62 = 0, x + r - 23 = -r. Suppose -5*c = -3*t - x, 0 = -3*c - 2*t + 1 - 0. What is the highest common divisor of 1 and c?
1
Let v(k) = k**2 + 11*k - 26. Let q be v(-13). Suppose q = -2*h - h - 9, -5*t + 3*h + 14 = 0. What is the highest common factor of t and 17?
1
Let g be (-14)/((-8)/4) + -4 - 3. Suppose g = -2*y - 19 + 313. What is the highest common factor of 98 and y?
49
Let c be (-1 - 22)*20*-1. Let m = c + -152. Suppose 2*d - m = -0*d. Calculate the greatest common factor of d and 14.
14
Let z = -52 + 58. Suppose -7*i + 95 = -z*i. What is the greatest common factor of 38 and i?
19
Let u be 34/238 + 684/14. What is the greatest common factor of u and 49?
49
Suppose 19*p - 57 = 22*p + 3*t, 3*p + 4*t + 62 = 0. Let l(a) = 1082*a - 2. Let j be l(-3). Let k be j/p + 1*-1. What is the greatest common factor of k and 33?
33
Let f be 4/4*-2 + (-30)/(-3). Suppose f*w - 109 - 131 = 0. What is the highest common divisor of 5 and w?
5
Suppose -3*q + 584 - 461 = 0. Calculate the highest common factor of 41 and q.
41
Let v(x) = -x**2 + 18*x - 10. Let h be v(7). Suppose -4*b + h = 19. Let w = 8 + 10. What is the highest common factor of w and b?
6
Suppose -85*d = -96*d + 154. What is the highest common factor of d and 126?
14
Let c be (224 - 40)*1/2. What is the highest common divisor of 230 and c?
46
Suppose w + 22*u - 26*u = 4, -2*w + 5*u = -14. Calculate the greatest common divisor of 68 and w.
4
Suppose 4*w = -z + 54, -6*w - 5*z + 60 = -w. Let i = -9 + w. Suppose -i*k + 62 + 28 = 0. Calculate the greatest common factor of k and 2.
2
Let i(b) = -33*b + 4. Let q be i(-1). Let c = q - 30. Let r be 7*3 - (-2 - -2). Calculate the highest common divisor of c and r.
7
Suppose 0 = 3*q - 3*z - 18, -q + 5 = 2*z + 14. Let u = 7 - 3. Suppose 4*p - u*x - 24 = -4, 4*p = -4*x + 52. What is the highest common divisor of p and q?
1
Suppose s + g - 25 = 0, 9*s + 4*g = 4*s + 128. What is the greatest common factor of 84 and s?
28
Let v be -10*((-316)/20 - -8). Calculate the greatest common divisor of 52 and v.
26
Suppose -20*q + 2002 = 10*q - 8*q. Let r = 2 - -11. What is the greatest common divisor of q and r?
13
Let l be 7 + -3 + (-2 - -4). Let y be 2/(-13) - (-6210)/1495. What is the greatest common factor of l and y?
2
Let p be (-3)/(-4) + -6 + 370/8. What is the greatest common divisor of p and 164?
41
Let f be (-112)/(-1512) - (-214)/27. Calculate the greatest common divisor of f and 136.
8
Let c(b) = b**2 + 14*b. Let y be c(-14). Let f(g) = -g + 27 + 11 - g**2 - 2. Let l be f(y). Calculate the highest common divisor of l and 54.
18
Let q = 326 + 245. Let v = -164 + q. Calculate the greatest common divisor of v and 37.
37
Let m = 1574 - 1510. Calculate the highest common divisor of m and 3.
1
Let u = -44 - -95. Suppose 2*w + w - 102 = 0. Calculate the highest common factor of w and u.
17
Let f be (9 - -1) + 1 + -2. Suppose -3*t = -f - 15. Let y = -5480 - -5488. What is the greatest common factor of t and y?
8
Suppose 0 = -29*s + 23*s + 11682. What is the highest common factor of s and 118?
59
Let v = 490 + -268. What is the highest common factor of 370 and v?
74
Let v(x) = 25*x**3 - 2*x**2 + 2*x - 1. Let h be v(1). Let s = 242 - 236. Calculate the greatest common divisor of h and s.
6
Let f = 38 - 18. Suppose -f = 45*y - 46*y. Calculate the highest common divisor of y and 10.
10
Let v(u) = -6*u**2 + 2*u - 1. Let m be v(1). Let l(a) = a**3 + 6*a**2 + 3*a + 10. Let s be l(m). Calculate the highest common factor of s and 100.
20
Suppose -125*v = -105*v - 17420. Calculate the greatest common factor of v and 67.
67
Suppose -1400 = -36*c - 34*c. Calculate the highest common divisor of c and 70.
10
Suppose 69 = 7*b - 15. Let c be 3/5 - 685/(-25). Calculate the highest common factor of b and c.
4
Suppose 35*p - 35689 = -10909. Calculate the greatest common divisor of p and 12.
12
Let h(k) = 22*k - 142. Let s be h(7). What is the greatest common divisor of s and 192?
12
Let h(l) = l**3 + 6*l**2 + 2*l + 7. Let p be h(-6). Let n be 704/14 - p/(210/(-12)). Calculate the highest common divisor of 25 and n.
25
Suppose -3*p + 25*f = 22*f - 2949, 4*p = f + 3947. Calculate the highest common factor of p and 52.
52
Suppose w - 4*w - 789 = 4*d, -3*w = -15. Let b = d - 15. Let s be (45/30)/((-2)/b). What is the highest common divisor of 18 and s?
18
Let s(j) = 1 + 4*j**2 - 2*j - 7*j**2 + 2*j**2. Let o be s(-2). Let z(f) = 190*f - 1. Let v be z(o). Calculate the highest common factor of v and 27.
27
Suppose -209 - 1103 = -8*a. Calculate the highest common factor of a and 2.
2
Let u be (-47)/4*(-1 - 3). Suppose 14*h = 11*h + 564. Calculate the highest common divisor of u and h.
47
Let j be (-4 - 11)*162/(-10). What is the highest common factor of 9 and j?
9
Let o(q) = -q**2 + 8*q - 6. Suppose 8*v + 30 = 3*v. Let n = 13 + v. Let p be o(n). What is the greatest common divisor of 5 and p?
1
Let w be (-49)/2*18/(-9). Suppose 8 = -c + 5*x, -3*x + w = 2*c + 13. Calculate the highest common divisor of c and 108.
12
Let l = -11 + 32. Let m = 29 - l. What is the highest common factor of 64 and m?
8
Suppose -5*r + 988 = -r - m, 2*m = -r + 238. What is the greatest common divisor of 24 and r?
6
Let m(y) = 4*y - 13. Let k be m(4). Suppose -3*h + 15 = 2*o + 4, -4*h + 8 = o. Suppose -o*i = i - 45. What is the highest common factor of i and k?
3
Suppose -m - 2*l + 94 = 0, -5*m + 506 = -26*l + 24*l. Calculate the highest common divisor of 200 and m.
100
Let d(y) = -2*y**2 - 37*y + 21. Let a be d(-19). Let x be 5 - 2 - 3/(-1). What is the highest common divisor of x and a?
2
Suppose -5*x - 6*l + 5*l + 175 = 0, 0 = x - 4*l - 14. Suppose -120 = -36*p + x*p. What is the highest common divisor of p and 45?
15
Let g be 12/(-5) + (-6)/(-15). Let w = g + 4. Suppose 91*x = 44*x + 470. Calculate the greatest common divisor of w and x.
2
Let r(d) = -4*d**3 - 27*d**2 + 2*d + 4. Let n be r(-7). Calculate the greatest common factor of n and 104.
13
Suppose 35*a - 31*a - 252 = 0. Let g be 255/35 - (-3)/(a/(-6)). Calculate the highest common divisor of g and 7.
7
Let n = -47 - -72. Suppose 0 = 5*r - n - 3